e w(12). Let i be h(s). Give f(i).
-5
Let i be (4/(-8))/(1/6). Let v = i + 9. Let s(m) be the second derivative of m**4/12 - 4*m**3/3 + 4*m**2 + 8*m. What is s(v)?
-4
Let p(l) be the third derivative of -l**5/60 - 3*l**4/8 - 4*l**3/3 + 81*l**2 + 2*l. Give p(-6).
10
Let b(m) be the third derivative of m**4/6 + m**3/3 + 2*m**2 + 26. Give b(-9).
-34
Let t(k) = -5*k**2 + 3*k + 2. Suppose r - 5 = -3*u, 9*r - 10*r - 7 = -3*u. Give t(r).
-6
Let l(u) = -u**3 + 5*u**2 - 5*u - 4. Suppose 3*f = 4*p - 25, 3*p - 2*f + 5*f = 3. Determine l(p).
-8
Let o(z) = z**2 - 5*z - 3. Suppose -32 = -4*b + b + 5*h, 24 = 4*b - 2*h. Suppose -17*q + 18*q = b. Give o(q).
-7
Let r(m) = -m**2 - 8*m + 1. Let c(f) = f**3 + 2*f**2 - 5*f + 8. Let u be c(-4). Determine r(u).
17
Let g(m) be the first derivative of m**2/2 + 2*m - 109. Determine g(-5).
-3
Let w = 0 + 2. Let j = -25 + 31. Let r(b) = -2*b + 4 - 2 + j*b + 0*b. Calculate r(w).
10
Let a(r) be the first derivative of -r**2/2 - 18*r + 17. Let l be a(-16). Let t(d) = -2*d**2 + 2*d + 1. Give t(l).
-11
Let q be (16/(-7) + 2)*-7. Suppose k + q = 4. Let j(i) = 7 + 1 - i**2 - 2 + k*i. Give j(5).
-9
Let x(m) = m**2 + 11*m + 15*m - 27*m. Let s(r) = -4*r**2 + 5*r + 3. Let j(l) = -s(l) - 5*x(l). What is j(0)?
-3
Let r(q) = -q**2 + 4*q + 8. Let i(m) = 2*m**3 - m**2 - 5*m - 5. Let g be i(3). Suppose -3*y - 9 + 29 = 2*v, 0 = -5*y + 5*v + g. Calculate r(y).
-4
Let d(n) = 4*n. Suppose 0 = -t + 4*s + 23, -5*t = 5*s + 13 - 3. Give d(t).
12
Let i(b) = -b**2 + 10*b - 14. Let g be (6 - 3)/((-42)/(-112)). Give i(g).
2
Suppose -5*r + 13 = -12, -t = -2*r + 11. Let u = t - -8. Let p(a) be the third derivative of a**5/60 - a**4/4 - a**3/3 + 9*a**2. What is p(u)?
5
Let x be 6/6 - (-2 - -29). Let g be ((-2)/3)/(x/195). Let z(l) = l**2 - 7*l + 4. Give z(g).
-6
Let q(l) = l**2 + 8*l - 6. Let b be 2*18/30*(-10)/(-4). Let y(p) = -6*p + 10. Let r be y(b). Determine q(r).
-6
Let q(b) = -5*b + 34 - 21 - 12 - 7*b**2 + 4*b - 2*b**2. What is q(2)?
-37
Let z(h) = -h**2 + 9*h - 2. Let g be 39 + -31 - (-6)/(-2) - -1. What is z(g)?
16
Let f = -3 + 1. Let u(y) be the second derivative of y**4/4 - y**3/3 - y**2/2 - 32*y + 2. What is u(f)?
15
Let i(w) = -5*w. Let x(f) = -21*f + 4. Let y(z) = -3*i(z) + x(z). Calculate y(6).
-32
Let i(l) = 10*l + 42. Let g(d) = -4*d - 17. Let t(q) = 12*g(q) + 5*i(q). Let j(r) = 2*r + 6. Let u(y) = -5*j(y) + 4*t(y). Give u(-4).
2
Let n(p) = p**3 - 5*p**2 - 3*p - 1. Let w be (-86)/(-14) + 57/(-399). Determine n(w).
17
Let z(b) = -b**2 + 6*b + 4. Let g(t) = -t + 6. Let h be g(3). Suppose 4*v - 2*f = h*v + 7, -v + 9 = -3*f. Suppose 2*i = -v*i + 20. Determine z(i).
12
Let x(n) = n**2 - 8. Let g be 3 + (-3 + 13 - 1). Let s = g - 12. Suppose s = -6*b + 4*b. What is x(b)?
-8
Suppose -87*t = -82*t - 60. Let a(y) = -3*y + 4. What is a(t)?
-32
Let z(j) = 36*j**3 + j - 1. Let b = 2408 - 2407. What is z(b)?
36
Let n(q) be the second derivative of -q**5/10 + q**4/3 + q**3 - 3*q**2 + 2*q - 21. Calculate n(3).
-6
Let m(h) = 2*h**3 - h**2 + 2*h + 3. Suppose -44*a = 17*a. Determine m(a).
3
Let p(m) be the first derivative of -3*m**2/2 - 9*m - 504. Give p(4).
-21
Let f be 7 + (-5 - -3)*(-4 - -5). Let l(p) = p**3 - 78 + 78 + 4*p - f*p**2. What is l(4)?
0
Suppose -1 + 17 = -2*p. Let a(l) = -16*l - 9. Let x(h) = 43*h + 27. Let s(v) = -8*a(v) - 3*x(v). Determine s(p).
-1
Let u(a) = 7*a + 11*a + 10*a - 63*a + 4*a**2 + 34*a + a**3. Calculate u(-3).
12
Let x(r) = -r**2 + 4*r + 6. Let k be x(5). Let z(c) = 5*c - 2. Let i be z(k). Let g(b) = -b**2 - 2*b + 4. Give g(i).
-11
Let d(s) = -4*s**2 + 9*s. Let r(h) be the second derivative of -h**4/12 + h**3/3 - 2*h. Let j(u) = -2*d(u) + 9*r(u). Let o = 64 - 62. Calculate j(o).
-4
Let j(b) = -3*b + 20. Let c be 0 + 3 - 3 - (1 + -7). Determine j(c).
2
Let m = 14 - 8. Let h(t) = 3 + t + 4 + 3 - 13. Determine h(m).
3
Let h(w) be the first derivative of -w**2/2 - 4*w + 1. Suppose -3*r + 8 = 5*i, -4*i + 0*r - r = -5. Let c be 4 + (-4 - 4 - i). Determine h(c).
1
Let n be (-24)/(-16)*(-1 - 47/(-3)). Suppose 23*t + 2 = n*t. Let c(s) = -s**2 + s + 1. Calculate c(t).
-5
Let j(n) be the third derivative of 27*n**2 - 1/15*n**5 + 0 + 0*n + 1/120*n**6 + 0*n**3 - 1/4*n**4. What is j(5)?
-5
Let s(f) = -6*f**2 + 3*f - 4. Let b(k) = 6*k**2 - 2*k + 3. Let n(h) = -5*b(h) - 4*s(h). Suppose -2 = 3*q - 3*z - 8, 4*z + 9 = 5*q. What is n(q)?
-7
Let i(o) = -o - 5. Suppose 2*f + j = -23, 0 = -2*j - 3 - 7. Let g be i(f). Suppose 5*p - 3*l = 7 + 6, -12 = -g*p + 4*l. Let a(s) = -4*s - 1. What is a(p)?
-9
Suppose t + 2 = 3. Let b(c) = -37*c**3 + c**2 - c - 2. Let f be b(-1). Let d(m) = 2 + 36*m - f*m + 8*m**2 - 1. Determine d(t).
8
Let q be 6 - 1 - (-16 + 15). Let n(v) = -q*v**2 + 3*v**3 - 3*v**2 + 7*v**2 - 2*v**3. What is n(1)?
-1
Let n(s) be the first derivative of -7*s**2/2 + 2*s + 216. Let l(a) = -a - 16. Let k be l(-11). Let m = -3 - k. Calculate n(m).
-12
Let p = 109 - 51. Let l = -31 + p. Let d be (18/l)/(1/(-9)). Let b(k) = k**3 + 5*k**2 - 5*k + 8. Calculate b(d).
2
Let b(v) = -21*v**2 + 8*v + 11. Let z(x) = 21*x**2 - 6*x - 8. Let t(s) = -3*b(s) - 4*z(s). Give t(1).
-22
Let v(b) = 4*b - 7. Let q be 1/5 - (-4)/(20/(-41)). Calculate v(q).
-39
Suppose 22 = p - 5*y, 0*y - 4 = y. Let a(i) = -3*i**2 - i**p - 10*i**3 + 7 - 4 + 9*i**3. Determine a(-4).
3
Let h(r) be the third derivative of -2/3*r**3 + 0 + 1/24*r**4 + 0*r + 35*r**2. Calculate h(5).
1
Suppose 0 = -27*x + 19*x - 24. Let i(k) = k**2 - k. What is i(x)?
12
Let f(s) = -11*s**2 + 3*s + 2. Let h(y) = -19*y**2 + 7*y + 3. Let w(m) = -7*f(m) + 4*h(m). Calculate w(-7).
-2
Let r(f) = 3*f**2 - 5*f + 2. Let c(l) = 5*l**2 - 7*l + 4. Let y(n) = 5*n**2 - 6*n + 4. Let s(j) = 3*c(j) - 2*y(j). Let b(i) = 7*r(i) - 4*s(i). Determine b(-3).
4
Let j(l) be the first derivative of l**4/12 - l**3/6 - 3*l**2 - 12. Let g(a) be the second derivative of j(a). Determine g(1).
1
Let d(f) = 16 - 2*f**3 - 359*f + 374*f + 15*f**2 + f**3. Determine d(16).
0
Let j = 15 - 19. Let m(z) be the second derivative of z**3/6 + 9*z**2/2 - 23*z. Give m(j).
5
Suppose 13*g - 18*g + 20 = 0. Let u(q) = 1 + 8 + q**3 - 3*q - 2 - g. Let b(w) = -w**2 + 7*w - 9. Let f be b(6). Give u(f).
-15
Let j(w) = w + 14. Let v = -47 + 51. Let x(u) = -1. Let h(z) = v*x(z) + j(z). What is h(0)?
10
Let f = -3 - -6. Suppose 5*p = 5*s - 0*s - 65, f*s - 43 = 4*p. Let x(m) = -m**2 + 10*m - 5. Calculate x(s).
4
Let n(c) = 0*c - 15552*c**2 - 12 + 15551*c**2 - c. What is n(0)?
-12
Let m(i) = -i**2 + 13*i + 9. Suppose 4*p = -2*x + 18, 3*x = -0*p + 3*p - 18. Let w(j) = 2*j**2 - 32*j - 22. Let n(a) = p*w(a) + 12*m(a). What is n(-2)?
-2
Let o(u) = u**2 - u - 3. Suppose -31 = -2*n + 4*c + 19, 5*n - 5*c = 115. Suppose n*s = 26*s - 15. Determine o(s).
3
Let j(u) = 44*u - 38. Let v be j(1). Let i(y) = -y**3 + 6*y**2 + 2*y - 4. Determine i(v).
8
Let o = 9 + 63. Let d = 70 - o. Let t(v) = 6*v + 2. Determine t(d).
-10
Let v(y) = -y**2 - 4*y + 5. Let q = 126 + -89. Let m = q - 43. Determine v(m).
-7
Let v = 29 - 25. Suppose -s - 2*s = 3, 3*s = -v*b - 31. Let q(c) = c**2 + 6*c + 1. Let f(t) = -t**2 - 5*t - 1. Let u(y) = 2*f(y) + 3*q(y). Calculate u(b).
-6
Let n = -1 - -12. Let y(z) = z - 11. Give y(n).
0
Let i = -5 + 7. Suppose 26 = 5*s + 2*c, -i*c = 2*s + 2*c - 20. Let q(p) = s + 0*p - 1 + p. Give q(-4).
-1
Suppose 0 = -4*v + 3 + 9. Suppose -4*a = 5*x + 5, -x - a - 1 = -v*a. Let z be 0/((x + -2)/3). Let t(y) = -y**3 + y**2 - y - 13. Determine t(z).
-13
Let l(z) be the second derivative of -z**4/12 + 3*z**2/2 - 2*z + 15. What is l(0)?
3
Let p(f) = -11*f - 4. Let i(v) = -3*v + 2. Let m(u) = 3*i(u) + p(u). Determine m(3).
-58
Let z(l) = -l + 2. Let f(d) = d + 1. Let w(y) = 5*f(y) - 2*z(y). Determine w(1).
8
Let n(u) = u**2 + 8*u - 1. Let m(g) = g**3 + 3*g**2 - 18*g - 11. Let b be m(-5). Suppose b - 127 = 14*o. Give n(o).
-8
Let g(x) be the third derivative of x**6/120 - 7*x**5/30 + 11*x**4/24 + 17*x**3/6 + 114*x**2 - 2*x. Determine g(13).
-9
Let u(z) = -z + 4. Let k = -317 - -313. Give u(k).
8
Let z(g) be the second derivative of g**4/12 + g**3 - 3*g**2/2 + 2*g + 111. What is z(-5)?
-8
Let p(s) = -s**3 - 3*s**2 - 4*s - 2. Let u be p(-2). Let q(l) = 2*l + 1 + 0 - u*l - l. Let f be -3*(2 - (4 - 3)). Give q(f).
4
Let x(i) be the first derivative of i**3/3 + 5*i**2/2 - 5*i - 